{"id":3157,"date":"2021-01-01T09:35:03","date_gmt":"2021-01-01T12:35:03","guid":{"rendered":"http:\/\/colegiosagradafamilia.cl\/www\/?page_id=3157"},"modified":"2025-07-08T12:20:48","modified_gmt":"2025-07-08T16:20:48","slug":"biblioteca-4","status":"publish","type":"page","link":"https:\/\/colegiosagradafamilia.cl\/www\/biblioteca-4\/","title":{"rendered":"Biblioteca"},"content":{"rendered":"<p style=\"text-align: justify;\"><a href=\"http:\/\/colegiosagradafamilia.cl\/www\/wp-content\/uploads\/2016\/05\/Biblioteca-recomienda.jpg\" data-rel=\"lightbox-image-0\" data-rl_title=\"\" data-rl_caption=\"\" title=\"\"><img loading=\"lazy\" decoding=\"async\" class=\"wp-image-3161 alignleft\" src=\"http:\/\/colegiosagradafamilia.cl\/www\/wp-content\/uploads\/2016\/05\/Biblioteca-recomienda\" alt=\"Biblioteca recomienda\" width=\"220\" height=\"165\" \/><\/a><\/p>\n<p style=\"font-weight: 400;\">Al recorrer las p\u00e1ginas de un libro, se nos abre la puerta hacia un mundo donde la imaginaci\u00f3n, la creatividad, el conocimiento, la fantas\u00eda y la magia no tienen l\u00edmites. A trav\u00e9s de la lectura, vamos formando a ni\u00f1os y j\u00f3venes curiosos que buscan respuestas y motivaciones, ni\u00f1os que sue\u00f1an y viajan permanentemente entre historias y aventuras, que van armando su propia percepci\u00f3n de la vida y son capaces de aportar significativamente a la comunidad.<\/p>\n<p style=\"font-weight: 400;\">La biblioteca de nuestro colegio, est\u00e1 inserta en una comunidad que valora profundamente la cultura y el conocimiento, fomenta la investigaci\u00f3n, el pensamiento cr\u00edtico, los espacios de b\u00fasqueda y la creaci\u00f3n.\u00a0 Su objetivo principal es fomentar la lectura en cada uno de nuestros alumnos, siendo esta una herramienta trascendental que permite fortalecer su desarrollo cognitivo\u00a0y emocional, adem\u00e1s de propiciar el desarrollo de habilidades fundamentales para la vida.<\/p>\n<p style=\"font-weight: 400;\">Para generar un primer acercamiento a la lectura, la biblioteca cuenta con un programa dirigido a los alumnos de Ciclo Inicial, el cual considera una visita de los ni\u00f1os para compartir y disfrutar de manera l\u00fadica la narraci\u00f3n de cuentos. Asimismo, el Primer Ciclo tambi\u00e9n participa de entretenidas actividades y cuenta cuentos preparados especialmente para ellos.<\/p>\n<p style=\"font-weight: 400;\">Para nosotros es muy importante que nuestros alumnos tengan un aprendizaje en la medida que logren interiorizarse en el cuidado de los libros, sensibilizarse con su valor cultural y la importancia de la lectura social.<\/p>\n<p>&nbsp;<\/p>\n<p style=\"text-align: justify;\"><strong>Normas de pr\u00e9stamo:<\/strong><\/p>\n<p>\u2013 Los libros se prestan por una semana -el incumplimiento- perjudica a tus compa\u00f1eros.<br \/>\n\u2013 Puedes renovar el pr\u00e9stamo hasta tres veces.<br \/>\n\u2013 Son usuarios de Biblioteca: alumnos, profesores y familias.<br \/>\n\u2013 Los libros que sean devueltos rotos deber\u00e1n ser reemplazados por el mismo <em>libro nuevo.<\/em><\/p>\n<p><strong><em>Carolina Birke Vidal<\/em><\/strong><br \/>\n<strong> <em>Bibliotec\u00f3loga<\/em><\/strong><\/p>\n<h3><strong><a href=\"https:\/\/colegiosagradafamilia.colegium.com\/mt\"><img loading=\"lazy\" decoding=\"async\" class=\"alignnone size-full wp-image-11635\" src=\"https:\/\/colegiosagradafamilia.cl\/www\/wp-content\/uploads\/2021\/03\/CatalogoOnline.png\" alt=\"\" width=\"586\" height=\"366\" srcset=\"https:\/\/colegiosagradafamilia.cl\/www\/wp-content\/uploads\/2021\/03\/CatalogoOnline.png 586w, https:\/\/colegiosagradafamilia.cl\/www\/wp-content\/uploads\/2021\/03\/CatalogoOnline-300x187.png 300w\" sizes=\"auto, (max-width: 586px) 100vw, 586px\" \/><\/a><br \/>\nBuscador de libros disponibles en biblioteca: <a href=\"https:\/\/colegiosagradafamilia.colegium.com\/mt\">Haz clic aqu\u00ed<\/a><\/strong><\/h3>\n<p>Instrucciones: en B\u00fasquedas &#8211; escribir el t\u00edtulo o autor &#8211; elegir\u00a0 en \u00abcualquier parte\u00bb la categor\u00eda.<\/p>\n<p>&nbsp;<\/p>\n<p><a href=\"https:\/\/sites.google.com\/csfr.cl\/planlectordigitalcsfr\/\" target=\"_blank\" rel=\"noopener\"><img loading=\"lazy\" decoding=\"async\" class=\"alignnone wp-image-13690\" src=\"https:\/\/colegiosagradafamilia.cl\/www\/wp-content\/uploads\/2023\/02\/Plan-Lector.png\" alt=\"\" width=\"210\" height=\"71\" srcset=\"https:\/\/colegiosagradafamilia.cl\/www\/wp-content\/uploads\/2023\/02\/Plan-Lector.png 1920w, https:\/\/colegiosagradafamilia.cl\/www\/wp-content\/uploads\/2023\/02\/Plan-Lector-300x102.png 300w, https:\/\/colegiosagradafamilia.cl\/www\/wp-content\/uploads\/2023\/02\/Plan-Lector-1024x347.png 1024w, https:\/\/colegiosagradafamilia.cl\/www\/wp-content\/uploads\/2023\/02\/Plan-Lector-768x260.png 768w, https:\/\/colegiosagradafamilia.cl\/www\/wp-content\/uploads\/2023\/02\/Plan-Lector-1536x520.png 1536w\" sizes=\"auto, (max-width: 210px) 100vw, 210px\" \/><\/a><\/p>\n<p>Recuerda ingresar con tu correo institucional.<\/p>\n<p><a href=\"https:\/\/sites.google.com\/csfr.cl\/biblioteca-csfr\/p%C3%A1gina-principal\"><img loading=\"lazy\" decoding=\"async\" class=\"alignnone wp-image-12044\" src=\"https:\/\/colegiosagradafamilia.cl\/www\/wp-content\/uploads\/2021\/06\/Biblioteca.png\" alt=\"\" width=\"216\" height=\"73\" srcset=\"https:\/\/colegiosagradafamilia.cl\/www\/wp-content\/uploads\/2021\/06\/Biblioteca.png 1920w, https:\/\/colegiosagradafamilia.cl\/www\/wp-content\/uploads\/2021\/06\/Biblioteca-300x102.png 300w, https:\/\/colegiosagradafamilia.cl\/www\/wp-content\/uploads\/2021\/06\/Biblioteca-1024x347.png 1024w, https:\/\/colegiosagradafamilia.cl\/www\/wp-content\/uploads\/2021\/06\/Biblioteca-768x260.png 768w, https:\/\/colegiosagradafamilia.cl\/www\/wp-content\/uploads\/2021\/06\/Biblioteca-350x120.png 350w, https:\/\/colegiosagradafamilia.cl\/www\/wp-content\/uploads\/2021\/06\/Biblioteca-1536x520.png 1536w\" sizes=\"auto, (max-width: 216px) 100vw, 216px\" \/><\/a><\/p>\n<p>Encuentra recursos digitales por temas o por ciclos.<\/p>\n<p><a href=\"https:\/\/colegiosagradafamilia.cl\/www\/wp-content\/uploads\/2025\/07\/Plan-lector-2025-2.pdf\">Plan lector 2025<\/a><\/p>\n<p>&nbsp;<\/p>\n<p>&nbsp;<\/p>\n","protected":false},"excerpt":{"rendered":"<div class=\"mh-excerpt\"><p>Al recorrer las p\u00e1ginas de un libro, se nos abre la puerta hacia un mundo donde la imaginaci\u00f3n, la creatividad, el conocimiento, la fantas\u00eda y la magia no tienen l\u00edmites. A trav\u00e9s de la lectura, <a class=\"mh-excerpt-more\" href=\"https:\/\/colegiosagradafamilia.cl\/www\/biblioteca-4\/\" title=\"Biblioteca\">[Leer m\u00e1s]<\/a><\/p>\n<\/div>","protected":false},"author":170,"featured_media":0,"parent":0,"menu_order":0,"comment_status":"closed","ping_status":"closed","template":"","meta":{"footnotes":""},"class_list":["post-3157","page","type-page","status-publish"],"_links":{"self":[{"href":"https:\/\/colegiosagradafamilia.cl\/www\/wp-json\/wp\/v2\/pages\/3157","targetHints":{"allow":["GET"]}}],"collection":[{"href":"https:\/\/colegiosagradafamilia.cl\/www\/wp-json\/wp\/v2\/pages"}],"about":[{"href":"https:\/\/colegiosagradafamilia.cl\/www\/wp-json\/wp\/v2\/types\/page"}],"author":[{"embeddable":true,"href":"https:\/\/colegiosagradafamilia.cl\/www\/wp-json\/wp\/v2\/users\/170"}],"replies":[{"embeddable":true,"href":"https:\/\/colegiosagradafamilia.cl\/www\/wp-json\/wp\/v2\/comments?post=3157"}],"version-history":[{"count":27,"href":"https:\/\/colegiosagradafamilia.cl\/www\/wp-json\/wp\/v2\/pages\/3157\/revisions"}],"predecessor-version":[{"id":15127,"href":"https:\/\/colegiosagradafamilia.cl\/www\/wp-json\/wp\/v2\/pages\/3157\/revisions\/15127"}],"wp:attachment":[{"href":"https:\/\/colegiosagradafamilia.cl\/www\/wp-json\/wp\/v2\/media?parent=3157"}],"curies":[{"name":"wp","href":"https:\/\/api.w.org\/{rel}","templated":true}]}}